ue
Does 15 divide 441690?
True
Is 41 a factor of 59746?
False
Does 26 divide 2185084?
False
Is 6285573 a multiple of 63?
True
Does 8 divide 2681320?
True
Does 63 divide 662157?
False
Is 40 a factor of 887941?
False
Is 37 a factor of 834165?
True
Is 159464 a multiple of 31?
True
Is 24 a factor of 289931?
False
Is 241 a factor of 9962330?
False
Is 2336040 a multiple of 927?
True
Is 654640 a multiple of 668?
True
Is 908083 a multiple of 4?
False
Is 8 a factor of 11336?
True
Is 633 a factor of 406159?
False
Is 2825070 a multiple of 15?
True
Does 5 divide 56165?
True
Does 14 divide 1092896?
True
Does 2 divide 149659?
False
Does 11 divide 96822?
True
Is 39 a factor of 18318456?
True
Is 91 a factor of 5315746?
False
Does 22 divide 241648?
True
Is 2261738 a multiple of 50?
False
Does 158 divide 137062?
False
Is 299471 even?
False
Does 19 divide 21312039?
False
Is 251 a factor of 67519?
True
Is 3 a factor of 104196?
True
Is 1356 a factor of 3589332?
True
Is 13 a factor of 66030?
False
Is 448 a factor of 637056?
True
Does 325 divide 169674?
False
Is 171 a factor of 88905?
False
Does 219 divide 125049?
True
Is 2346108 a multiple of 1086?
False
Is 11 a factor of 193031?
False
Does 17 divide 38388?
False
Is 1898792 a multiple of 268?
False
Is 7674420 a multiple of 12?
True
Does 26 divide 375295?
False
Does 7 divide 7554862?
True
Is 59880 a multiple of 8?
True
Is 95 a factor of 1212234?
False
Is 1207 a factor of 293683?
False
Does 15 divide 206055?
True
Is 1865379 a multiple of 18?
False
Does 11 divide 1082458?
False
Does 489 divide 723231?
True
Is 133 a factor of 70756?
True
Does 4 divide 151470?
False
Is 379 a factor of 314949?
True
Does 580 divide 471388?
False
Is 71 a factor of 195463?
True
Is 65 a factor of 666770?
True
Is 294651 a multiple of 292?
False
Is 10657 a multiple of 10?
False
Does 17 divide 151351?
True
Does 335 divide 2182860?
True
Is 545990 a multiple of 71?
True
Does 3 divide 92380?
False
Does 845 divide 7205315?
True
Is 847 a factor of 155001?
True
Is 6 a factor of 4326728?
False
Is 12122784 a multiple of 162?
True
Is 23 a factor of 96363?
False
Is 28 a factor of 790329?
False
Is 433752 a multiple of 22?
True
Is 1276540 a multiple of 83?
True
Is 34419 a multiple of 3?
True
Is 1092177 a multiple of 12?
False
Does 349 divide 10825143?
False
Does 19 divide 34979?
True
Is 9 a factor of 740376?
True
Does 646 divide 4723436?
False
Is 16 a factor of 1127824?
True
Is 122 a factor of 65148?
True
Is 88690 a multiple of 181?
True
Is 2437065 a multiple of 5?
True
Does 66 divide 973038?
True
Is 76531 a multiple of 2?
False
Does 765 divide 3512027?
False
Does 133 divide 166563?
False
Does 17 divide 195517?
True
Does 65 divide 272604?
False
Does 85 divide 190230?
True
Does 25 divide 27996?
False
Does 27 divide 148959?
True
Is 686546 a multiple of 1691?
True
Is 170272 a multiple of 39?
False
Does 8 divide 8187538?
False
Is 317856 a multiple of 48?
True
Is 218367 a multiple of 171?
True
Does 18 divide 2099340?
True
Is 3127 a multiple of 53?
True
Does 25 divide 2774445?
False
Does 23 divide 1440582?
True
Is 1148914 a multiple of 345?
False
Does 53 divide 558234?
False
Does 132 divide 8216604?
True
Does 234 divide 3488?
False
Is 77 a factor of 3057620?
False
Is 625 a factor of 976011?
False
Does 10 divide 94370?
True
Is 131810 a multiple of 13?
False
Does 848 divide 692182?
False
Is 4 a factor of 247592?
True
Is 835761 a multiple of 183?
True
Is 14068031 a multiple of 112?
False
Is 215 a factor of 410794?
False
Is 7 a factor of 53939?
False
Is 37 a factor of 1673362?
True
Is 230832 a multiple of 21?
True
Is 25 a factor of 5464550?
True
Does 633 divide 10728717?
True
Is 451 a factor of 212421?
True
Does 45 divide 223605?
True
Does 4 divide 71960?
True
Does 44 divide 930380?
True
Is 504725 a multiple of 251?
False
Is 5 a factor of 3306522?
False
Is 4213615 a multiple of 131?
True
Is 58153 a multiple of 99?
False
Does 29 divide 14181?
True
Is 788453 a multiple of 185?
False
Is 4 a factor of 232214?
False
Does 88 divide 2049784?
True
Does 95 divide 779570?
True
Does 18 divide 22698?
True
Does 13 divide 505508?
False
Is 99 a factor of 5321230?
False
Is 2811240 a multiple of 30?
True
Does 26 divide 373759?
False
Does 795 divide 1641544?
False
Is 28 a factor of 4228?
True
Is 397404 a multiple of 332?
True
Is 2 a factor of 21791?
False
Is 28574 a multiple of 44?
False
Is 6 a factor of 297774?
True
Does 696 divide 316680?
True
Does 435 divide 872610?
True
Does 22 divide 413470?
False
Is 95001 a multiple of 107?
False
Is 944684 a multiple of 37?
True
Is 33170 even?
True
Is 16 a factor of 31152?
True
Is 641095 a multiple of 35?
True
Is 21 a factor of 1097355?
True
Does 347 divide 306401?
True
Is 7 a factor of 28445?
False
Is 142 a factor of 5519?
False
Is 129 a factor of 2386268?
False
Does 41 divide 6233078?
False
Is 257 a factor of 80076?
False
Is 14 a factor of 375452?
True
Is 809 a factor of 186839?
False
Is 20880 a multiple of 65?
False
Does 71 divide 126469?
False
Is 2 a factor of 752990?
True
Does 165 divide 125565?
True
Is 146 a factor of 394697?
False
Is 62 a factor of 6717576?
True
Is 5 a factor of 229820?
True
Is 357 a factor of 561944?
False
Is 115 a factor of 667638?
False
Is 47 a factor of 465172?
False
Is 548 a factor of 44388?
True
Does 111 divide 5986437?
False
Is 5 a factor of 252345?
True
Does 460 divide 2099129?
False
Is 20 a factor of 120171?
False
Is 347 a factor of 14227544?
False
Is 11 a factor of 199379?
False
Is 299 a factor of 2068781?
True
Is 698 a factor of 3219566?
False
Is 40 a factor of 19363?
False
Does 333 divide 12938661?
False
Is 1890238 a multiple of 7?
True
Is 14 a factor of 1278648?
True
Is 128 a factor of 1767936?
True
Does 145 divide 526060?
True
Is 24489818 a multiple of 45?
False
Is 404820 a multiple of 519?
True
Is 128 a factor of 1437641?
False
Is 110 a factor of 178981?
False
Is 799102 a multiple of 249?
False
Is 2438394 a multiple of 11?
False
Is 113 a factor of 127378?
False
Is 414 a factor of 2928661?
False
Is 8879379 a multiple of 67?
False
Does 488 divide 6655832?
True
Does 39 divide 7512?
False
Is 4 a factor of 114324?
True
Is 94 a factor of 2045106?
False
Does 22 divide 3217188?
False
Is 315794 a multiple of 28?
False
Is 39 a factor of 4119648?
True
Does 13 divide 8476?
True
Does 29 divide 276486?
True
Is 263692 a multiple of 26?
True
Is 576745 a multiple of 13?
True
Is 1925890 a multiple of 7?
False
Is 9 a factor of 361768?
False
Is 1439919 a multiple of 117?
True
Is 335 a factor of 169175?
True
Is 2 a factor of 123605?
False
Does 56 divide 213752?
True
Is 12390 a multiple of 177?
True
Does 135 divide 15925623?
False
Is 3435614 a multiple of 7?
True
Is 230958 a multiple of 94?
True
Is 15425817 a multiple of 93?
True
Does 425 divide 2224875?
True
Is 362582 a multiple of 719?
False
Is 153 a factor of 1382661?
True
Does 181 divide 168121?
False
Is 813308 a multiple of 127?
True
Is 434 a factor of 1062697?
False
Does 27 divide 523894?
False
Does 17 divide 962336?
True
Is 39 a factor of 1714036?
False
Is 296 a factor of 1981128?
True
Is 37122 a multiple of 2?
True
Is 931 a factor of 23710?
False
Does 99 divide 77256?
False
Is 32682 a multiple of 12?
False
Is 4 a factor of 1053366?
False
Does 15 divide 1375137?
False
Is 140 a factor of 53495?
False
Is 3492528 a multiple of 172?
False
Is 122644 a multiple of 13?
False
Is 7365 a multiple of 53?
False
Is 373402 a multiple of 64?
False
Is 2479234 a multiple of 38?
True
Does 10 divide 581833?
False
Is 1393500 a multiple of 4?
True
Is 18 a factor of 210726?
True
Is 195460 a multiple of 29?
True
Is 1910919 a multiple of 1039?
False
Is 102 a factor of 1204927?
False
Is 739080 a multiple of 360?
True
Is 8313 a multiple of 2?
False
Is 28 a factor of 148650?
False
Does 360 divide 3744634?
False
Is 19 a factor of 19410?
False
Is 48430 a multiple of 3?
False
Does 6 divide 117114?
True
Is 972348 a multiple of 26?
True
Is 751389 a multiple of 141?
True
Is 3 a factor of 3669?
True
Is 47940 a multiple of 6?
True
Is 2 a factor of 2170539?
False
Does 564 divide 778280?
False
Is 3631452 a multiple of 363?
True
Does 18 divide 40356?
True
Does 14 divide 191156?
True
Does 17 divide 95744?
True
Is 350 a factor of 2146550?
True
Does 8 divide 43480?
True
Is 4675207 a multiple of 853?
False
